 Suppose p - a = c. Calculate the remainder when p is divided by 18.
16
Suppose -5*a + 49 = 14. Let r = 14 - 10. What is the remainder when a is divided by r?
3
Suppose 6 = 2*h + 3*f - 90, -159 = -3*h + 3*f. What is the remainder when h is divided by (35 + 3)/2 - 1?
15
Suppose 0*q + 3*q - 13 = k, 2*q - 14 = -2*k. Calculate the remainder when 19 is divided by q.
4
Let b = 8 - 3. Let a = -26 - -37. Let f = 19 - a. What is the remainder when f is divided by b?
3
Suppose -4*j - 508 = -4*l, 2*j + j + 119 = l. Calculate the remainder when l is divided by 44.
43
Let q = 68 + -36. Suppose -2*v - q = -s, 2*v = 4*s + v - 142. Suppose -13 = -u + s. Calculate the remainder when u is divided by 17.
15
Suppose 5*a - 174 = -3*d, 0*d = -d + a + 66. Suppose -2*g + d = 21. Let s(q) = q**2 - 5. What is the remainder when g is divided by s(4)?
10
Suppose 3*c - 4*z = c + 10, -4*z = -5*c + 49. Let r = -8 - -13. Calculate the remainder when c is divided by r.
3
Suppose -1 = -2*u + 5. What is the remainder when 15 + -6 + 0/(-2) is divided by u?
0
Let z(b) = -b - 4. Let x be z(-4). Suppose -j - 64 = -5*f, 4*f - 55 = -x*f - 3*j. What is the remainder when 23 is divided by f?
10
Let l(f) = -9*f - 31. Calculate the remainder when 36 is divided by l(-5).
8
Let w = 14 - 11. Calculate the remainder when w is divided by 2.
1
Suppose 0 = c + 3*m - 17, 8*c - 12*c - m = -68. Let u(o) = o**3 - 6*o**2 + o - 2. Calculate the remainder when c is divided by u(6).
1
Suppose 5*z = 3*o - 2 - 4, 2*o - 4 = -2*z. Suppose -19 + o = -s. What is the remainder when 50 is divided by s?
16
Let s(x) = 2*x**2 - x - 4. Let k be s(-5). Let p = k + 21. What is the remainder when p is divided by 19?
15
Let n(q) = -10*q + 6. Let z be n(-5). Suppose -z = -5*l + 3*l. Suppose 0 = -2*s - 3*v + 5 + 24, 5*v = -s + 25. Calculate the remainder when l is divided by s.
8
Suppose 3*l - 51 = 69. What is the remainder when 397 is divided by l?
37
Let p(s) = -s**2 + 4. What is the remainder when 16 is divided by p(0)?
0
Let l(r) = 3*r**2 - 4*r - 1. Let h = 52 - 13. Calculate the remainder when h is divided by l(3).
11
Suppose -71 - 19 = -2*i. Calculate the remainder when i is divided by 16.
13
Let k(c) = -2*c + 3. Suppose z = -1, z - 3*z = 4*p + 42. Calculate the remainder when (-496)/p - 2/(-5) is divided by k(-5).
11
Suppose 0 = -4*a + 5 + 7. Suppose 4*q - 3*q + 3*i = 12, -5*i - 22 = -a*q. What is the remainder when q is divided by 6?
3
Let k = 61 - 27. Calculate the remainder when k is divided by 18.
16
Suppose 2*v + 5*j + 17 = 6*v, 3*j = -2*v + 25. Calculate the remainder when 26 is divided by v.
2
Let a = -40 + 56. Calculate the remainder when 108 is divided by a.
12
Suppose -u - 1 = 2*f, -2*u - 2*u - 4 = -3*f. Let v(n) = 20*n**2 - n. Calculate the remainder when v(u) is divided by 11.
10
Suppose 5*l - 74 - 96 = 0. Let p = 47 - l. Calculate the remainder when 23 is divided by p.
10
Suppose 44 = u + 3*u. Suppose 5*m - 4*m - 67 = -3*r, 0 = -4*r + 3*m + 72. Calculate the remainder when r is divided by u.
10
Let w(p) = p + 8. Suppose 2*c - 34 - 22 = 0. What is the remainder when c is divided by w(7)?
13
Suppose -31 - 11 = -3*a. Let v(j) = 2*j - j + 2 - 1. What is the remainder when a is divided by v(4)?
4
Let d(j) = j**2 - 2*j + 6. What is the remainder when d(-6) is divided by 14?
12
Let d(w) = -w + 1. Let o(y) = y - 12. Let a be o(6). Calculate the remainder when 25 is divided by d(a).
4
Let t(a) = 9*a**2 + a**2 + 1 + 3*a**2 - 2*a**2. What is the remainder when 34 is divided by t(-1)?
10
Let f(i) = -i**3 - 2*i**2 - 3*i - 3. Let j be f(-2). Suppose 4*r - j*q - 7 = 0, -5*r + 4*q - 5 = -14. What is the remainder when 1 is divided by r?
0
Let b be (-6)/9 - (-4)/(-3). Let y = b + 13. Let l = 46 + -15. Calculate the remainder when l is divided by y.
9
Suppose -14 = -4*r + 30. Suppose r = k - 6. Suppose 3*q + k = 50. What is the remainder when 20 is divided by q?
9
Let v = 5 - 1. Let q(x) = x**3 - 3*x**2 + x + 3. Calculate the remainder when q(v) is divided by 8.
7
Calculate the remainder when 5 is divided by (4/(-3) + 1)*-9.
2
Let g(a) = 3*a - 19. What is the remainder when 66 is divided by g(12)?
15
Suppose -2*y + 0 = -8, -3*g - 4*y = -49. What is the remainder when 20 is divided by g?
9
Let u be ((-18)/(-15))/((-4)/(-10)). Suppose -2*k + 17 = u*l, -l = l + 6. Calculate the remainder when 0 + (-4 - -1) - -41 is divided by k.
12
Suppose 0 = -5*j, 0 = w - 2*j - 3*j - 20. What is the remainder when 119 is divided by w?
19
Let p = 42 - -14. Suppose -5*u = -25, 34 = 4*y + 3*u - 57. Calculate the remainder when p is divided by y.
18
Suppose 0 = -18*s + 15*s + 9. Suppose -8 = -0*k - 2*k - 5*f, -s*f = -k + 4. Calculate the remainder when 15 is divided by k.
3
Suppose 39 = 3*o + 3. Let t = -3 + o. What is the remainder when 26 is divided by t?
8
Let t(h) = 4*h**2 + 4*h - 2. Calculate the remainder when 85 is divided by t(-3).
19
Let o(t) = -2*t**3 - 3*t**2 + 2. What is the remainder when o(-2) is divided by 2*(-6)/(-9)*3?
2
Let j = -1 - -5. Suppose 76 + 279 = 5*n + 3*z, -j*n + 292 = 4*z. Suppose -3*h + n = h. What is the remainder when h is divided by 6?
5
Let k be (10/4 - 1)*2. Suppose -k*x = -5*c + 6 + 3, 5*c - 5 = 5*x. Suppose 4*o - o = 9. What is the remainder when o is divided by x?
1
Let n = -445 + -12. Let c = n + 653. Calculate the remainder when 58 is divided by c/10 - 2/(-5).
18
Calculate the remainder when 23 is divided by (-11)/(55/(-2)) + (-38)/(-5).
7
Suppose -2*n = -3*b, 5*n - 4*b - 10 = b. Let h = -4 + n. Let z(s) = -s**3 + 5*s**2 - 5*s + 5. What is the remainder when h is divided by z(4)?
0
What is the remainder when 74 is divided by 2505/225 + (-4)/30?
8
Let l be -1*(-5)/2*6. Let k = l + -25. Let r = k + 18. What is the remainder when r is divided by 5?
3
What is the remainder when 5*(-5)/(25/(-185)) is divided by 47?
44
Let p(v) = -v**3 - 3*v**2 - 2*v - 3. Let g be p(-3). Suppose -g*u - u = -100. Let h(r) = r**2 - 3*r - 1. What is the remainder when u is divided by h(5)?
7
Suppose -4*n + n - 50 = -4*l, 3*n + 6 = 0. Let k(h) = 2*h + 52. What is the remainder when k(-10) is divided by l?
10
Let a be 36 + (0 - (-6)/3). Suppose -4*d - 45 = -3*o, -2*d + 0*d + a = 4*o. Let l = 29 + -9. What is the remainder when l is divided by o?
9
Let c(o) = -o + 9. Let x be c(9). Suppose x*d - 3*d + 174 = 0. Suppose 3*b - 5*b = -40. What is the remainder when d is divided by b?
18
Let l be (7 - -3)/2*1. Suppose -9*z = -l*z - 48. Calculate the remainder when 45 is divided by z.
9
Let y be -2*4 - (7 - 10). Let r(o) = -o**2 - 8*o - 3. Calculate the remainder when 34 is divided by r(y).
10
Let s(j) = -j**2 - 13*j - 8. Let m be s(-12). Suppose -q - m = -3*q. Calculate the remainder when q is divided by (2/6)/(1/6).
0
Let t(b) = b**2 + 17*b - 73. What is the remainder when t(-22) is divided by 20?
17
What is the remainder when 54 is divided by 72/6 - (-3 - -1)?
12
Suppose 154 = 3*u + 2*a, -2*u + 5*a + 109 + 0 = 0. Suppose 2*p - q - 51 = 0, 4*p - 5*q = 3*p + 21. What is the remainder when p is divided by u/6 - (-5)/15?
8
Calculate the remainder when 48 is divided by (-1 - 105/14)/(2/(-4)).
14
Let w = 106 - 92. What is the remainder when 97 is divided by w?
13
Suppose -2*u + 0*u = 0. Calculate the remainder when u - (1 - 2) - -17 is divided by 10.
8
Suppose d + 0 = 181. Suppose y - d = -4*y - 2*i, -4*y + 149 = 3*i. Calculate the remainder when y is divided by 18.
17
Let l be (-8)/6*3/(-2). Suppose -l = -c - 0*c. Let r(m) = -m**3 - 16*m**2 + 20*m + 55. What is the remainder when r(-17) is divided by c?
0
Suppose 6*c + 180 = 9*c. Suppose 4*a - i - 78 = 0, c = 4*a - 2*i - 16. Calculate the remainder when 58 is divided by a.
18
Suppose -4*r + 9*r - 15 = 0. Suppose -m - r*i + 25 = 0, 3*m - 5 = -0*m + 5*i. Calculate the remainder when 37 is divided by m.
7
Let v = 58 + 49. What is the remainder when v is divided by 18?
17
Suppose -5*y - 15 = -175. What is the remainder when y is divided by ((-2)/(-4))/((-2)/(-44))?
10
Let z(k) = 5*k + 3. Let m(c) = 13*c - 17. Let g(f) = -7*f + 9. Let y(v) = -5*g(v) - 3*m(v). Calculate the remainder when y(-16) is divided by z(3).
16
Let q(o) = o**3 - 4*o**2 - 10*o + 5. What is the remainder when 65 is divided by q(6)?
14
Let f = 58 - 21. Let m(l) = l**2 + l + 1. Let h(j) = -j**3 + 4*j**2 - j. Let n be 